at is p(3)?
-56
Let z(u) = 14*u**3 + 284*u**2 - 531*u + 76. Give z(-22).
142
Let u(f) = -6710*f - 187823. Determine u(-28).
57
Let t(f) = -12888*f + 4936125. What is t(383)?
21
Let m(o) = -28670*o + 1892212. Calculate m(66).
-8
Let v(j) = -116*j**2 + 1154*j + 19. What is v(10)?
-41
Let i(n) = 364*n**2 - 46924*n - 4128. Calculate i(129).
0
Let b(r) = 3195*r - 131098. Give b(41).
-103
Let t(s) = s**3 + 107*s**2 + 64*s + 18558. Give t(-108).
-18
Let c(s) = 4*s**3 - 6*s**2 - 391*s - 1342. What is c(12)?
14
Let z(b) = b**2 + 5255*b - 367364. Calculate z(69).
-8
Let c(j) = 7204*j - 36872. Give c(5).
-852
Let h(o) = 24*o**2 + 46*o - 188. Calculate h(5).
642
Let v(b) = -2*b**3 - 186*b**2 - 2033*b - 170107. Determine v(-92).
1
Let u(g) = -g**3 + g**2 - 4*g - 65. Determine u(-6).
211
Let d(j) = -j**3 - 13*j**2 + 334*j - 204. Give d(13).
-256
Let x(s) = -s**3 - 80*s**2 - 36*s - 16344. What is x(-82)?
56
Let l(p) = -p**3 - p**2 - 67790*p + 6. Give l(0).
6
Let w(f) = 501*f - 24626. Calculate w(49).
-77
Let l(u) = -114*u - 9124. Calculate l(-83).
338
Let q(g) = 4329*g + 4528132. Give q(-1046).
-2
Let k(g) = -g**3 - 60*g**2 - 65*g + 2775. Determine k(-56).
-6129
Let v(y) = -105272*y - 37792662. What is v(-359)?
-14
Let x(v) = -38*v**3 + 93*v**2 - 5*v + 22. Determine x(3).
-182
Let k(c) = -1343*c - 26866. Determine k(-20).
-6
Let h(q) = -1809*q - 231681. Determine h(-128).
-129
Let k(p) = 367*p**3 + 9*p**2 + 18*p + 10. What is k(-1)?
-366
Let r(m) = -163667*m - 163642. What is r(-1)?
25
Let a(g) = -109*g + 1897. Calculate a(21).
-392
Let h(g) = g**3 - 68*g**2 - 51*g + 2088. Determine h(69).
3330
Let r(w) = 2*w**3 + 926*w**2 + 5480*w - 1393. What is r(-457)?
435
Let d(l) = 17*l**3 + 312*l**2 + 9*l - 3. What is d(-18)?
1779
Let b(t) = -2*t**3 - 265*t**2 - 477*t - 11030. Give b(-131).
-26
Let m(n) = -228*n - 4059. Calculate m(-20).
501
Let i(j) = 212*j**2 - 1679*j - 114. Determine i(8).
22
Let b(y) = -225*y - 119557. What is b(-531)?
-82
Let p(x) = -39*x + 4332. Give p(143).
-1245
Let x(s) = 2387*s - 341340. Give x(143).
1
Let d(v) = 577*v - 4809. What is d(8)?
-193
Let a(c) = c**2 + 80982*c + 323942. What is a(-4)?
30
Let b(l) = 50*l**3 + 238*l**2 - 1750*l + 17. Determine b(4).
25
Let y(b) = -27*b**2 - 4*b + 4776. Calculate y(0).
4776
Let s(y) = -962*y + 18591. Calculate s(20).
-649
Let d(v) = v**3 + 128*v**2 + 967*v + 28. Determine d(-8).
-28
Let q(t) = -t**2 - 1412*t - 45954. Determine q(-33).
-447
Let j(s) = 27*s**3 - 9*s**2 - 246*s - 235. Give j(-1).
-25
Let o(n) = n**2 - 851*n + 10068. What is o(12)?
0
Let l(h) = -5080*h - 152044. What is l(-30)?
356
Let x(z) = 594*z**2 + 2376*z + 40. Give x(-4).
40
Let q(w) = -4*w**3 + 726*w**2 - 361*w - 410. Determine q(181).
-229
Let u(s) = -7100*s - 106506. Give u(-15).
-6
Let x(r) = 89*r - 2681. What is x(13)?
-1524
Let k(g) = 2358*g + 2126. Give k(-1).
-232
Let q(m) = 152*m + 6508. Determine q(-73).
-4588
Let n(w) = 2*w**2 - 2675*w - 8076. Determine n(-3).
-33
Let i(g) = 9*g**3 - 7*g**2 + 28*g + 151. Calculate i(-5).
-1289
Let i(g) = -3*g**2 - 16489*g + 132003. Calculate i(8).
-101
Let o(s) = s**3 + 44*s**2 + 77*s - 50. What is o(-42)?
244
Let t(x) = 612*x**3 - x**2 + 28*x - 28. Give t(1).
611
Let c(b) = -24344*b + 1606688. Calculate c(66).
-16
Let n(c) = 31463*c + 62917. What is n(-2)?
-9
Let m(a) = a**3 - 75*a**2 + 1334*a + 424. Calculate m(30).
-56
Let g(r) = r**2 - 764*r - 916975. Calculate g(-649).
62
Let n(w) = -2485*w - 64866. What is n(-26)?
-256
Let b(t) = -36*t**2 + 60*t - 24. Calculate b(7).
-1368
Let b(w) = -585488*w**2 + 12880735*w + 18. What is b(22)?
-4
Let s(a) = 14859*a - 118887. What is s(8)?
-15
Let o(p) = -16*p**2 - 1636*p - 1997. Give o(-101).
23
Let b(i) = 385*i + 9994. What is b(-26)?
-16
Let q(l) = 1789*l - 10625. Determine q(6).
109
Let a(z) = 4*z**2 - 46137*z - 184575. Give a(-4).
37
Let i(d) = -3495*d + 10374. What is i(3)?
-111
Let v(p) = p**3 + 26*p**2 + 69*p - 97. What is v(-23)?
-97
Let g(l) = -8420*l + 412483. Calculate g(49).
-97
Let m(s) = -s**3 - 17*s**2 - 18*s - 95. Give m(-18).
553
Let p(o) = -1385*o + 6813. Calculate p(5).
-112
Let j(b) = -b**2 + 108*b + 12302. Determine j(-70).
-158
Let p(s) = 126691*s - 15582992. Give p(123).
1
Let w(p) = 5539*p - 703441. What is w(127)?
12
Let p(y) = -229*y - 95. Calculate p(5).
-1240
Let c(l) = 3533*l + 81252. What is c(-23)?
-7
Let w(a) = -a**3 + 989*a**2 - 5896*a - 8. Determine w(6).
4
Let j(f) = 103*f**3 - f**2 - 16*f - 23. What is j(-2)?
-819
Let y(s) = -2*s**2 - 406*s - 3913. Give y(-193).
-53
Let t(z) = z**2 + 26311*z + 1234391. What is t(-47)?
-17
Let b(a) = -3*a**3 + 874*a**2 - 7058*a - 4855. Calculate b(283).
-44
Let l(q) = 89008*q - 801093. What is l(9)?
-21
Let n(c) = 5842*c - 414783. Give n(71).
-1
Let c(d) = -80151*d + 2805403. What is c(35)?
118
Let i(w) = 337*w + 8175. What is i(-24)?
87
Let o(r) = -14437*r - 18609289. Calculate o(-1289).
4
Let y(f) = -17080*f + 117526. Determine y(7).
-2034
Let a(c) = 2081*c - 12170. Determine a(6).
316
Let f(l) = -11*l**2 - 3075*l - 18058. Give f(-6).
-4
Let x(z) = -174*z**2 - 1389*z + 78. Give x(-8).
54
Let q(j) = -6*j**2 - 135*j - 999. What is q(-9)?
-270
Let s(k) = 6997*k - 167933. Calculate s(24).
-5
Let x(z) = 7600*z + 212801. Determine x(-28).
1
Let k(g) = -g**3 + 32*g**2 - 2097*g + 6036. What is k(3)?
6
Let c(a) = -9*a**2 - 1471*a - 55272. Give c(-105).
-42
Let a(j) = 13*j**3 + 2*j**2 - 73*j + 237. Calculate a(3).
387
Let t(p) = -3*p**2 + 72*p + 5944. Calculate t(-33).
301
Let k(b) = -b**3 - 58*b**2 - 657*b + 3919. What is k(-38)?
5
Let l(b) = b**3 + 61*b**2 + 117*b + 134. Give l(-59).
193
Let o(b) = 5*b**2 - 5593*b + 66359. Give o(12).
-37
Let p(u) = -2*u**2 - 10051*u - 100362. Determine p(-10).
-52
Let j(p) = 384959*p - 1924873. Calculate j(5).
-78
Let s(x) = 569*x + 11821. What is s(-21)?
-128
Let r(y) = -y**3 - 35*y**2 + 174*y + 7832. What is r(-33)?
-88
Let b(f) = 16953*f + 457738. What is b(-27)?
7
Let u(a) = 3*a + 224. What is u(33)?
323
Let a(i) = 56*i**2 + 3*i + 16. Calculate a(-3).
511
Let d(s) = -208141*s + 1248848. Determine d(6).
2
Let a(i) = -1694*i + 84673. Determine a(50).
-27
Let g(n) = n**3 - 99*n - 558. Determine g(-6).
-180
Let c(x) = x**3 + 2450*x**2 + 17148*x + 315. Give c(-7).
-14
Let l(o) = -17311*o + 121017. Give l(7).
-160
Let v(h) = -51*h**2 + 809*h - 1066. Give v(12).
1298
Let g(z) = -76559*z - 4746680. Give g(-62).
-22
Let z(t) = -2*t**3 + 97*t**2 - 356*t + 1192. Give z(45).
-653
Let g(c) = -9*c**2 - 924*c + 214. Give g(-103).
-95
Let w(o) = 14*o**2 + 3088*o + 1723. What is w(-220)?
-37
Let z(x) = -x**3 - 5*x**2 + 139*x + 794. Give z(-7).
-81
Let c(d) = -82972*d + 165799. Determine c(2).
-145
Let x(z) = -z**3 + 283*z**2 - 154*z - 25756. Calculate x(10).
4
Let z(o) = 6*o**3 - 9*o**2 + 1212*o - 3708. Determine z(3).
9
Let r(x) = x**3 - 18*x**2 - 1442*x + 28039. Determine r(20).
-1
Let u(w) = -1874*w - 12707. What is u(-7)?
411
Let d(j) = -72*j + 779. What is d(-6)?
1211
Let f(k) = -k**3 + 1005*k**2 - 8020*k + 295. Determine f(8).
-57
Let y(o) = 3*o**2 - 56*o - 1085. Calculate y(-12).
19
Let j(k) = -2*k**2 + 702*k - 56789. Determine j(126).
-89
Let x(d) = -4*d**3 - 2550*d**2 - 12752*d - 2. Calculate x(-5).
508
Let w(c) = 650*c + 27231. What is w(-42)?
-69
Let n(m) = 20*m**2 - 486*m + 2866. Give n(6).
670
Let a(n) = -201*n**2 - 21*n + 11. Determine a(-2).
-751
Let o(b) = -3*b**2 - 145*b - 4699. Calculate o(-30).
-3049
Let n(k) = k**2 - 4542*k - 1142664. Calculate n(-239).
-5
Let l(g) = -g**2 - 129823*g - 1427871. What is l(-11)?
61
Let r(k) = 538*k + 28524. What is r(-53)?
10
Let i(g) = g**2 + 27172*g + 135838. Give i(-5).
3
Let y(t) = -74*t**2 - 350*t + 565. Calculate y(-6).
1
Let k(m) = 2225*m - 55496. Determine k(25).
129
Let k(w) = -6*w**3 - 45*w**2 - 375*w - 2302. What is k(-7)?
176
Let g(w) = 4*w**2 + 1001*w + 20082. Calculate g(-22).
-4
Let t(k) = 23*k**2 - 549*k - 53. Calculate t(20).
-1833
Let t(j) = j**3 - 148*j**2 + 694*j - 16986. Calculate t(144).
6
Let s(f) = f**3 - 123*f**2 + 988*f - 20418. Calculate s(116).
-2
Let y(h) = h**3 + 186*h**2 + 355*h - 2334. Give y(-184).
58
Let h(o) = 15*o**3 + 1035*o**2 - 27*o - 1534. What is h(-69)?
329
Let i(m) = 14445*m + 216602. Give i(-15).
-73
Let r(u) = 20206*u - 444816. Give r(22).
-284
Let w(d) = -8*d**